86.
2, 3, 41, 515597
What are the prime factors of 2964835346?
2, 11, 2909, 46327
List the prime factors of 90479132.
2, 22619783
List the prime factors of 504788751.
3, 19, 23, 128347
What are the prime factors of 122680948?
2, 13, 19, 124171
List the prime factors of 79244063.
53, 61, 127, 193
List the prime factors of 582765030.
2, 3, 5, 23, 10427
List the prime factors of 187387396.
2, 7, 17, 393671
What are the prime factors of 149177915?
5, 29835583
What are the prime factors of 161595803?
161595803
List the prime factors of 75798943.
11, 6890813
List the prime factors of 4651705.
5, 31, 30011
List the prime factors of 489762798.
2, 3, 7, 11661019
What are the prime factors of 16591786?
2, 23, 373, 967
What are the prime factors of 415362316?
2, 1423, 72973
What are the prime factors of 3441038901?
3, 17, 23, 172561
List the prime factors of 82939651.
17, 79, 61757
List the prime factors of 2181846.
2, 3, 19, 19139
What are the prime factors of 2703616332?
2, 3, 225301361
What are the prime factors of 54508049?
71, 443, 1733
What are the prime factors of 38905459?
38905459
What are the prime factors of 176486007?
3, 31, 557, 3407
List the prime factors of 531957862.
2, 41, 73, 88867
List the prime factors of 46966300.
2, 5, 227, 2069
List the prime factors of 1009501918.
2, 31, 41, 53, 59, 127
List the prime factors of 91878592.
2, 13, 110431
What are the prime factors of 148189797?
3, 7, 19, 29, 1423
List the prime factors of 686630738.
2, 29, 11838461
List the prime factors of 508845725.
5, 1811, 11239
List the prime factors of 55895569.
55895569
What are the prime factors of 78794809?
4933, 15973
What are the prime factors of 720700045?
5, 13, 59, 187927
List the prime factors of 90459837.
3, 13, 149, 5189
List the prime factors of 48516177.
3, 19, 23, 1609
List the prime factors of 11136801.
3, 13, 285559
List the prime factors of 261899960.
2, 5, 7, 17, 55021
List the prime factors of 2251429036.
2, 29, 19408871
What are the prime factors of 8283552?
2, 3, 86287
List the prime factors of 676564288.
2, 41, 257837
What are the prime factors of 1111683905?
5, 263, 845387
What are the prime factors of 25783432?
2, 3222929
List the prime factors of 1554188199.
3, 518062733
List the prime factors of 168453004.
2, 4657, 9043
List the prime factors of 408235411.
109, 1697, 2207
List the prime factors of 259476026.
2, 109, 139, 8563
What are the prime factors of 45255234?
2, 3, 197, 38287
What are the prime factors of 2794289737?
59, 47360843
What are the prime factors of 726223134?
2, 3, 7, 13, 241, 5519
What are the prime factors of 12452589?
3, 461207
List the prime factors of 702775135.
5, 19, 7397633
What are the prime factors of 351920110?
2, 5, 181, 194431
List the prime factors of 5238122150.
2, 5, 293, 357551
List the prime factors of 644116501.
7, 92016643
List the prime factors of 2620438666.
2, 29, 3067, 14731
What are the prime factors of 2940256231?
11, 103, 2595107
What are the prime factors of 50609194?
2, 43, 211, 2789
List the prime factors of 64024984.
2, 19, 397, 1061
What are the prime factors of 1928485145?
5, 15907, 24247
What are the prime factors of 223724435?
5, 11, 4067717
What are the prime factors of 35552606?
2, 73, 101, 2411
List the prime factors of 853832687.
853832687
List the prime factors of 47907824.
2, 269, 11131
List the prime factors of 443374986.
2, 3, 73895831
What are the prime factors of 8861364?
2, 3, 131, 1879
List the prime factors of 1072177577.
4111, 260807
What are the prime factors of 634089812?
2, 19, 1621, 5147
What are the prime factors of 6317299368?
2, 3, 787, 111487
What are the prime factors of 345256538?
2, 11, 15693479
What are the prime factors of 27923022?
2, 3, 71, 7283
List the prime factors of 635924.
2, 158981
List the prime factors of 3616433748.
2, 3, 29, 599, 5783
What are the prime factors of 103154676?
2, 3, 8596223
What are the prime factors of 350571358?
2, 10861, 16139
List the prime factors of 38798355.
3, 5, 23, 112459
List the prime factors of 3804528.
2, 3, 7, 13, 67
What are the prime factors of 1037237762?
2, 11, 17, 23, 41, 173
What are the prime factors of 53553490?
2, 5, 43, 124543
What are the prime factors of 108447385?
5, 29, 83, 9011
What are the prime factors of 220663642?
2, 31, 3559091
What are the prime factors of 2330506806?
2, 3, 1319, 294479
List the prime factors of 93823519.
439, 213721
List the prime factors of 22710075.
3, 5, 302801
List the prime factors of 14041792.
2, 151, 1453
What are the prime factors of 1746874?
2, 873437
What are the prime factors of 597292970?
2, 5, 2939, 20323
List the prime factors of 118745762.
2, 127, 467503
What are the prime factors of 672322754?
2, 336161377
List the prime factors of 593805522.
2, 3, 98967587
List the prime factors of 244201032.
2, 3, 101, 33581
What are the prime factors of 276059873?
19, 14529467
What are the prime factors of 55516091?
41, 1354051
What are the prime factors of 1754652739?
7, 17, 37, 47, 61, 139
What are the prime factors of 75071034?
2, 3, 23, 43, 4217
List the prime factors of 2654188455.
3, 5, 59, 307, 9769
List the prime factors of 42066795.
3, 5, 191, 14683
What are the prime factors of 177241112?
2, 61, 363199
List the prime factors of 3083499777.
3, 1027833259
List the prime factors of 621820703.
7, 397, 223757
What are the prime factors of 2059443105?
3, 5, 5527, 24841
What are the prime factors of 277145047?
277145047
What are the prime factors of 46634941?
4441, 10501
What are the prime factors of 3180758884?
2, 491, 1619531
List the prime factors of 3122809222.
2, 13, 23, 601, 8689
What are the prime factors of 93743345?
5, 2417, 7757
What are the prime factors of 17431960?
2, 5, 7, 13, 4789
List the prime factors of 97477273.
257, 379289
List the prime factors of 104662845.
3, 5, 7, 332263
List the prime factors of 93549521.
13, 17, 19, 22279
What are the prime factors of 126613817?
11, 47, 244901
List the prime factors of 14936337.
3, 13, 19, 6719
List the prime factors of 256564642.
2, 257, 617, 809
What are the prime factors of 40371446?
2, 20185723
What are the prime factors of 2695931919?
3, 727, 412033
List the prime factors of 808700459.
7, 1871, 8821
What are the prime factors of 50437091?
23, 2192917
What are the prime factors of 2228373032?
2, 23, 12110723
What are the prime factors of 342672350?
2, 5, 6853447
What are the prime factors of 9581227?
9581227
What are the prime factors of 2018006216?
2, 17, 14838281
List the prime factors of 15222513.
3, 757, 6703
List the prime factors of 187207477.
187207477
What are the prime factors of 837446018?
2, 661, 633469
List the prime factors of 4172764845.
3, 5, 278184323
List the prime factors of 210154538.
2, 11, 101, 271, 349
List the prime factors of 69163550.
2, 5, 29, 47699
List the prime factors of 37261201.
29, 251, 5119
List the prime factors of 5158993382.
2, 61, 137, 308663
What are the prime factors of 1079943681?
3, 139, 2589793
What are the prime factors of 65237357?
65237357
List the prime factors of 1380505341.
3, 331, 653, 2129
What are the prime factors of 74102924?
2, 7, 2646533
What are the prime factors of 8025143?
7, 743, 1543
What are the prime factors of 32603820?
2, 3, 5, 523, 1039
List the prime factors of 7128476487.
3, 11, 19, 571, 6637
What are the prime factors of 64698229?
64698229
List the prime factors of 121673235.
3, 5, 89, 91141
What are the prime factors of 2376550145?
5, 29, 37, 442973
What are the prime factors of 861248401?
13, 66249877
List the prime factors of 54018543.
3, 2713, 6637
What are the prime factors of 87498939?
3, 11, 2651483
What are the prime factors of 382499715?
3, 5, 13, 1961537
List the prime factors of 1713630496.
2, 43, 359, 3469
What are the prime factors of 5131963067?
7, 11, 23, 353, 8209
List the prime factors of 9509696.
2, 7, 21227
List the prime factors of 404837314.
2, 7, 71, 83, 701
What are the prime factors of 113761690?
2, 5, 7, 1625167
What are the prime factors of 1664152623?
3, 7, 733, 36037
List the prime factors of 45244374.
2, 3, 7, 109, 9883
List the prime factors of 593008757.
11, 53909887
List the prime factors of 804034298.
2, 402017149
What are the prime factors of 469757330?
2, 5, 7, 19, 353201
List the prime factors of 1478